he hundreds digit of -3 + ((-20)/12)/((-2)/642)?
5
Suppose 4*d - 11 = 5. Let o = -2 + 10. Suppose d*m - o = 12. What is the units digit of m?
5
Let b = -318 - -638. What is the units digit of b?
0
Let s be 3 - (-11)/(11/6). Let q(y) = 3*y - s*y - y. What is the units digit of q(-1)?
7
Let t(r) = 16*r**2 - r**3 + 16*r**2 - 37*r**2 - 4*r + 12*r**2 - 1. What is the units digit of t(6)?
1
Let p(r) = 22*r**2 - 3*r - 106. What is the thousands digit of p(12)?
3
Suppose -3*v + 35 + 37 = 0. Suppose -v = -2*y + 2*w, -4*y + 3*w + 73 = 4*w. What is the tens digit of 1/((-1)/(-3)) + y?
2
Suppose -3*k = -114 - 162. Suppose 0 = -5*t + 3*v + 450, t = -v + 2*v + k. What is the units digit of t?
7
Let i(v) = -v**3 + 3*v**2. Let m be i(3). Suppose m*z = 5*z. Suppose -2*k - k + 36 = z. What is the tens digit of k?
1
Suppose 3153 = 4*o - 2395. What is the hundreds digit of o?
3
Suppose -2*x = 2*t - 4188, t + 3*x - 2102 = -0*x. What is the units digit of t?
0
Suppose 0 = 35*u - 39*u + 448. What is the hundreds digit of u?
1
Let d = 2400 + -748. What is the tens digit of d?
5
Suppose 5*o = 4*o - 3, -4*n + 2397 = 5*o. What is the hundreds digit of n?
6
Let n(t) be the first derivative of 1/4*t**4 - 9/2*t**2 - 2*t + 7/3*t**3 - 5. What is the units digit of n(-8)?
6
Suppose 33 = s + 11. Suppose -o + s = -0*o. What is the tens digit of o?
2
What is the units digit of (-4)/(-14) + 0 - 4295/(-35)?
3
Let w = 396 + -283. Suppose 6*l - 5*x = 3*l + w, 3*l - 77 = -4*x. What is the units digit of l?
1
Let r(l) = l**3 + 16*l**2 - 17*l - 98. What is the units digit of r(-14)?
2
Let t(c) = c**2 + 12*c + 17. Let q be t(-11). Let v = 42 + -25. Let u = q + v. What is the units digit of u?
3
What is the tens digit of (80/25)/(2/175)?
8
Suppose -2 = -c + 3. Suppose 0 = -c*m + r + 180 + 227, m - 4*r - 89 = 0. What is the tens digit of m?
8
Let h(o) be the second derivative of o**4/12 + o**3 + 4*o**2 + 4*o. Let v be h(6). What is the tens digit of (-2)/(3 - v/26)?
2
Suppose -2*v - 98*m = -100*m - 6896, -5*v - m + 17228 = 0. What is the tens digit of v?
4
Let a be (12/(-9))/(3/(-9)) + -4. Suppose 2*u + u - 330 = a. What is the hundreds digit of u?
1
Let w(a) = 7*a + 15. Let c be w(-5). What is the tens digit of 5/(c/(-52)) - -3?
1
Suppose 3*i + u = 1324, -4*i - 4*u - 474 + 2226 = 0. What is the hundreds digit of i?
4
Suppose 0 = -2*r + 5*s - 245, r + 2*r + 396 = -2*s. Let n = r + 186. What is the tens digit of n?
5
Suppose -4*c - 20 = 2*f - 70, -4*f = -2*c + 20. Suppose 1392 + 24 = c*m. What is the units digit of m?
8
Suppose 5*w + 18 = -2*q, 5*w - q - 2 = 2*q. Let f(i) = -7*i**3 + i. What is the tens digit of f(w)?
5
Suppose 0 = -u - 0*u, r + 4 = -4*u. Let c(k) = 2*k**2 - 2*k + 1. What is the units digit of c(r)?
1
Suppose -4*k + 262 = -2*k + 5*b, -407 = -3*k - 4*b. Let j = k + -74. What is the units digit of j?
7
Suppose 0 = h - a, 5*h - 24 = -a - 0*a. Suppose -47 = -h*f + 2*f - j, 0 = -4*f - 5*j + 79. What is the tens digit of f?
2
Suppose -z + 30 = 5*f - 2*z, -f + 6 = -z. Suppose r + 3*r - 2*v - 4 = 0, -2*r = 3*v + f. Suppose 5*j - 206 + 66 = r. What is the tens digit of j?
2
Let b(l) = l - 61. Let m be b(0). Let j = m - -92. Suppose -j = -2*y - 0*y - 3*f, 4*y + f - 87 = 0. What is the units digit of y?
3
Let k(v) be the third derivative of 2*v**5/15 - v**4/24 + v**3/6 + 2*v**2. Suppose -1 = -p - 0. What is the units digit of k(p)?
8
What is the units digit of (2 - 3)*3 + (-145)/(-1)?
2
Let a(f) = 171 - 86 + 4*f - 86. What is the tens digit of a(10)?
3
Let p = -161 - -163. Suppose 0*c = c - 50. Suppose -50 = -p*x + 5*y, 3*y + c = 2*x + 2*y. What is the units digit of x?
5
Let f(i) = i**3 - 6 + 9*i - i + 2*i - 12*i**2 + 20. Suppose -3*y - 10 = -3*b + 20, 2*y + 31 = 3*b. What is the units digit of f(b)?
3
Let i = -148 + 336. What is the tens digit of i?
8
Let q(w) = 12*w - 3. Let p be q(-2). Let f be (36/p)/(2/(-9)). Let k = 18 + f. What is the units digit of k?
4
Let s(o) = -12*o - 41 - 9*o**2 + 3*o**3 - 2*o**3 + 47. Let z be s(10). Let d = z - -40. What is the units digit of d?
6
Suppose 9*l - 6798 - 21552 = 0. What is the units digit of l?
0
Suppose -6*o + 18658 = 32*o. What is the tens digit of o?
9
What is the tens digit of (57/6 + -8)*23*12?
1
Let n = 62 - 41. Let s be 17 + -16 - 2/(-6)*-3. Suppose -5*h - 2*k + 77 = n, s = 5*k - 15. What is the tens digit of h?
1
Let i = 32 + -26. Suppose 14 = i*y - 10. Suppose y*s + 0*d - 5*d = 80, -100 = -5*s + d. What is the tens digit of s?
2
Let o(s) = 103*s + 179. What is the hundreds digit of o(15)?
7
What is the hundreds digit of ((-4)/2*4)/(168/(-6468))?
3
Let y be 4/(-6) + 47/3. What is the units digit of (5 + y/(-2))*-34?
5
Suppose 0 = 21*t - 94*t + 236447. What is the tens digit of t?
3
Let v(g) = -7*g - 34. Suppose 8*d - 46 = 10*d. What is the units digit of v(d)?
7
Suppose 2*b = -4*h + 3367 + 115, h + 3*b - 868 = 0. What is the units digit of h?
1
Suppose -38*f = -42678 - 26178. What is the tens digit of f?
1
Let x(f) = -2*f + 2 + 2*f**2 - 3*f**2 + 0*f**2. Let u be x(-2). What is the units digit of (12/(-7))/(u/(-14))?
2
Suppose -178 = -2*n - 3*m, -4*n = -4*m - 57 - 299. What is the units digit of n?
9
Suppose 5*h + 4*a - 4709 = 0, 5*a - 7 + 2 = 0. What is the tens digit of h?
4
Let u(d) = 15*d**3 + d - 1. Suppose 4*j = -3*v + 14, -4*j + 0*v + 6 = -v. What is the hundreds digit of u(j)?
1
Let b(d) = -3*d**2 + 4*d + 6 + 3*d**2 + 4*d**2 + 2*d. Let j be b(-3). What is the units digit of ((-40)/60)/((-2)/j)?
8
Let o = -8 + 10. Let m(p) = 3*p + 0*p**3 - 33 - o*p**3 + 36. What is the tens digit of m(-3)?
4
Suppose 0 = -4*s - 5*f, 2*s - f - 26 = 3*f. Suppose 5*k = -s*p + 10, 4*p - 2*p + k = 7. Suppose -p*h - 5 = -6*h. What is the units digit of h?
5
Suppose 5*d - 32 = -3*d. Suppose d*p + 4*p = 1336. What is the units digit of p?
7
Suppose -10*v - 4*w + 6583 = -7*v, -2*w + 10967 = 5*v. What is the thousands digit of v?
2
Let j(u) = -2*u**3 - 22*u**2 - 11*u - 24. What is the units digit of j(-11)?
7
Suppose 21*j = 35*j - 55258. What is the tens digit of j?
4
Let b be 2 + 0 + (0 - 3). Let u(z) = 40*z**2 + 2*z + 1. What is the tens digit of u(b)?
3
Suppose 2*m - 50 = 5*m - w, 4*w = -3*m - 40. Let z = m - -10. What is the tens digit of 81/15*(-20)/z?
1
Suppose -l - 3*l + 4 = 0. What is the tens digit of l/3*(-126)/(-3)?
1
Let k be 2 - (-2 - 1)/3. Let n be 0 + -1 + 12 + -11. Suppose -j = -4*d + 75, n = 2*j - j + k. What is the tens digit of d?
1
What is the hundreds digit of 196/((-16)/88*-1)?
0
Let r(t) be the third derivative of 0 - 2*t**2 + 7/24*t**4 - 1/120*t**6 + 2/3*t**3 - 7/60*t**5 + 0*t. What is the units digit of r(-8)?
2
Suppose 0 = 14*g - 11*g - 1503. What is the tens digit of g?
0
Suppose 5*m - 5*o = -8 - 22, -26 = 5*m - 4*o. Let n(c) = 57*c**2 + 6*c + 2. What is the units digit of n(m)?
8
What is the hundreds digit of 15762/27*1 - 28/(-126)?
5
Let r be -2*(-2 - 32)*7. What is the hundreds digit of 2/((-24)/(-4)) + r/3?
1
Let f(z) = -z**3 - 3*z**2 - 11*z - 7. Let l(s) = 2*s**3 + 5*s**2 + 23*s + 13. Let j = -31 - -34. Let g(v) = j*l(v) + 7*f(v). What is the units digit of g(-6)?
8
Let f(n) = -n + 1. Let a be f(-4). Suppose -2*c + 119 = a*c. What is the units digit of c?
7
Suppose 3*h + 4*h = -399. Let d = h + 86. What is the units digit of d?
9
Let p(z) = z - 9*z - z**2 + 0*z - 10. Let y be p(-6). Suppose -5*l + y*l - 2*k = -54, l = 4*k + 18. What is the units digit of l?
8
Let l(g) = 47*g - 222. What is the tens digit of l(30)?
8
Suppose 2*a - 58 = 44. Suppose 2*h + y = a, 3*h - y - 84 = -0*h. What is the units digit of 126/h + (-4)/6?
4
Let n be (160/(-12))/(-5)*3. Suppose 0 = -5*l - 5*a + 170, 3*l = n*l - 4*a - 143. What is the tens digit of l?
3
Suppose 2*z + 8 = u, -2*u + 26 = u - 5*z. Let s = -15 + u. Let g = 16 - s. What is the units digit of g?
9
Let m = -922 + 1696. What is the units digit of m?
4
Suppose -5*w = 12 - 72. What is the tens digit of (-2)/(-12) + (-1 - (-1210)/w)?
0
Let x = 65 + -61. Suppose 316 = 6*n - x*n. What is the units digit of n?
8
Let s be 1/((-12)/(-4) + -2). Let v = 26 - s. Suppose -5*t + v = 5, 0 = -4*d - 2*t + 152. What is the units digit of d?
6
Let k(s) = -s**3 + 6*s**2. Let v be k(6). Let g = 93 - 76. Suppose b + v*b - g = 0. What is the units digit of b?
7
Let t(y) = 22*y**2. Let n be t(1). 